{"id":642,"date":"2026-01-15T11:12:24","date_gmt":"2026-01-15T11:12:24","guid":{"rendered":"https:\/\/agouaeduc.org\/?page_id=642"},"modified":"2026-03-19T12:13:21","modified_gmt":"2026-03-19T12:13:21","slug":"accueil","status":"publish","type":"page","link":"https:\/\/agouaeduc.org\/?page_id=642","title":{"rendered":"Accueil"},"content":{"rendered":"\n<h3 class=\"wp-block-heading\"><strong>Qui sommes\u2011nous<\/strong><\/h3>\n\n\n\n<h4 class=\"wp-block-heading\"><strong>L\u2019\u00e9ducation, source intarissable d\u2019espoirs et de r\u00eaves d\u2019enfant<\/strong><\/h4>\n\n\n\n<p><strong>Nous accompagnons chaque enfant, en milieu scolaire et rural, gr\u00e2ce \u00e0 un soutien scolaire personnalis\u00e9, un suivi psychosocial bienveillant et l\u2019acc\u00e8s \u00e0 des ressources essentielles.Notre engagement : transformer les obstacles en opportunit\u00e9s pour b\u00e2tir un avenir \u00e9quitable et prometteur<\/strong>.<\/p>\n\n\n\n<figure class=\"wp-block-image size-full\"><img fetchpriority=\"high\" decoding=\"async\" width=\"576\" height=\"586\" src=\"https:\/\/agouaeduc.org\/wp-content\/uploads\/2026\/01\/Image1-2.jpg\" alt=\"\" class=\"wp-image-762\" srcset=\"https:\/\/agouaeduc.org\/wp-content\/uploads\/2026\/01\/Image1-2.jpg 576w, https:\/\/agouaeduc.org\/wp-content\/uploads\/2026\/01\/Image1-2-295x300.jpg 295w, https:\/\/agouaeduc.org\/wp-content\/uploads\/2026\/01\/Image1-2-60x60.jpg 60w\" sizes=\"(max-width: 576px) 100vw, 576px\" \/><\/figure>\n\n\n\n<p><strong>Enfants suivies<br>0 +<br>Activit\u00e9<br>0 +<br>B\u00e9nevole<br>0 +<br>Ann\u00e9e d\u2019experience<br>0<\/strong><\/p>\n\n\n\n<h3 class=\"wp-block-heading\"><strong>Ce que nous faisons<\/strong><\/h3>\n\n\n\n<h4 class=\"wp-block-heading\"><strong>Notre programme<\/strong><\/h4>\n\n\n\n<p><strong>D\u00e9couvrez notre programme d\u2019accompagnement scolaire et psychosocial, con\u00e7u pour transformer chaque d\u00e9fi en opportunit\u00e9 de r\u00e9ussite.<\/strong><\/p>\n\n\n\n<h3 class=\"wp-block-heading\"><strong>Lancement de l\u2019association<\/strong><\/h3>\n\n\n\n<p><strong>Date : 15 mars 2025<br>Lieu : Biblioth\u00e8que publique de Cornwall<br>Heure : 11: 30<\/strong><\/p>\n\n\n\n<h3 class=\"wp-block-heading\"><strong>Projet pilote d\u2019accompagnement en lecture et en num\u00e9ration<\/strong><\/h3>\n\n\n\n<p><strong>P\u00e9riode : Du 09 avril au 14 juin 2025<br>Site 1 : \u00c9cole Notre-Dame \u2014 Cornwall<br>Site 2 : \u00c9cole Marie-Tanguay<br>Site 3 : Biblioth\u00e8que publique<\/strong><\/p>\n\n\n\n<h3 class=\"wp-block-heading\"><strong>Vivez notre engagement au c\u0153ur de l\u2019action<\/strong><\/h3>\n\n\n\n<p><strong>D\u00e9couvrez en vid\u00e9o comment AGOUA EDUC soutient les enfants en milieu scolaire et rural, avec passion, solidarit\u00e9 et impact durable.<\/strong><\/p>\n\n\n\n<h3 class=\"wp-block-heading\"><strong>Pourquoi nous choisir<\/strong><\/h3>\n\n\n\n<p><strong>Transformer chaque geste en avenir pour les enfants<\/strong><strong>Parce qu\u2019\u00e0 AGOUA EDUC, chaque action compte et laisse une empreinte durable sur la vie des enfants en milieu scolaire et rural.<\/strong><\/p>\n\n\n\n<figure class=\"wp-block-image size-full\"><img decoding=\"async\" width=\"576\" height=\"768\" src=\"https:\/\/agouaeduc.org\/wp-content\/uploads\/2026\/01\/Image2-3.jpg\" alt=\"\" class=\"wp-image-759\" srcset=\"https:\/\/agouaeduc.org\/wp-content\/uploads\/2026\/01\/Image2-3.jpg 576w, https:\/\/agouaeduc.org\/wp-content\/uploads\/2026\/01\/Image2-3-225x300.jpg 225w\" sizes=\"(max-width: 576px) 100vw, 576px\" \/><\/figure>\n\n\n\n<h3 class=\"wp-block-heading\"><strong>Accompagnement personnalis\u00e9<\/strong><\/h3>\n\n\n\n<p><strong>Chaque enfant re\u00e7oit un soutien adapt\u00e9 \u00e0 ses besoins pour surmonter ses d\u00e9fis et r\u00e9ussir pleinement.<\/strong><\/p>\n\n\n\n<h3 class=\"wp-block-heading\"><strong>Engagement communautaire<\/strong><\/h3>\n\n\n\n<p><strong>Nous travaillons main dans la main avec les familles, enseignants et partenaires pour un impact collectif.<\/strong><\/p>\n\n\n\n<h3 class=\"wp-block-heading\"><strong>Approche humaine et solidaire<\/strong><\/h3>\n\n\n\n<p><strong>Notre \u00e9quipe est anim\u00e9e par des valeurs d\u2019inclusion pla\u00e7ant toujours l\u2019enfant au c\u0153ur de nos actions.<\/strong><\/p>\n\n\n\n<figure class=\"wp-block-image size-full\"><img decoding=\"async\" width=\"576\" height=\"432\" src=\"https:\/\/agouaeduc.org\/wp-content\/uploads\/2026\/01\/Image3-2.jpg\" alt=\"\" class=\"wp-image-760\" srcset=\"https:\/\/agouaeduc.org\/wp-content\/uploads\/2026\/01\/Image3-2.jpg 576w, https:\/\/agouaeduc.org\/wp-content\/uploads\/2026\/01\/Image3-2-300x225.jpg 300w\" sizes=\"(max-width: 576px) 100vw, 576px\" \/><\/figure>\n\n\n\n<h3 class=\"wp-block-heading\"><strong>Offrez-leur une chance de r\u00e9ussir<\/strong><\/h3>\n\n\n\n<p><strong>Chaque don, petit ou grand, change concr\u00e8tement la vie d\u2019un enfant en lui ouvrant les portes de l\u2019\u00e9ducation, du soutien et de l\u2019espoir.<\/strong><\/p>\n\n\n\n<p><strong><em>Faire un don<\/em><\/strong><\/p>\n\n\n\n<figure class=\"wp-block-image size-large\"><img loading=\"lazy\" decoding=\"async\" width=\"1024\" height=\"683\" src=\"https:\/\/agouaeduc.org\/wp-content\/uploads\/2026\/01\/Image4-1024x683.jpg\" alt=\"\" class=\"wp-image-646\" srcset=\"https:\/\/agouaeduc.org\/wp-content\/uploads\/2026\/01\/Image4-1024x683.jpg 1024w, https:\/\/agouaeduc.org\/wp-content\/uploads\/2026\/01\/Image4-300x200.jpg 300w, https:\/\/agouaeduc.org\/wp-content\/uploads\/2026\/01\/Image4-768x512.jpg 768w, https:\/\/agouaeduc.org\/wp-content\/uploads\/2026\/01\/Image4.jpg 1320w\" sizes=\"(max-width: 1024px) 100vw, 1024px\" \/><\/figure>\n\n\n\n<h3 class=\"wp-block-heading\"><strong>Devenez b\u00e9n\u00e9vole<\/strong><\/h3>\n\n\n\n<h4 class=\"wp-block-heading\"><strong>Faites la diff\u00e9rence dans la vie d\u2019un enfant<\/strong><\/h4>\n\n\n\n<p><strong>En rejoignant AGOUA EDUC, vous mettez vos comp\u00e9tences et votre c\u0153ur au service de l\u2019\u00e9ducation, tout en vivant une aventure humaine enrichissante et porteuse de sens.<\/strong><\/p>\n\n\n\n<ul class=\"wp-block-list\">\n<li><strong>Impacter la vie des enfants<\/strong><\/li>\n\n\n\n<li><strong>Vivre une exp\u00e9rience humaine forte<\/strong><\/li>\n\n\n\n<li><strong>D\u00e9velopper vos comp\u00e9tences<\/strong><\/li>\n\n\n\n<li><strong>Contribuer \u00e0 une cause essentielle<\/strong><\/li>\n\n\n\n<li><strong>Travailler avec passion<\/strong><\/li>\n\n\n\n<li><strong>\u00catre valoris\u00e9 dans votre engagement<\/strong><\/li>\n\n\n\n<li><strong>Acc\u00e9der \u00e0 des formations et ateliers<\/strong><\/li>\n\n\n\n<li><strong>Laisser une empreinte durable<\/strong><\/li>\n<\/ul>\n\n\n\n<h3 class=\"wp-block-heading\"><strong>Partenaire<\/strong><\/h3>\n\n\n\n<h4 class=\"wp-block-heading\"><strong>Ils nous accompagnent<\/strong><\/h4>\n\n\n\n<p><strong>Gr\u00e2ce \u00e0 nos partenaires, nous b\u00e2tissons un r\u00e9seau solidaire<\/strong>.<\/p>\n\n\n\n<figure class=\"wp-block-image size-full is-resized\"><img loading=\"lazy\" decoding=\"async\" width=\"300\" height=\"168\" src=\"https:\/\/agouaeduc.org\/wp-content\/uploads\/2026\/01\/Partenaire1.jpg\" alt=\"\" class=\"wp-image-712\" style=\"width:300px;height:auto\"\/><\/figure>\n\n\n\n<figure class=\"wp-block-image size-full\"><img loading=\"lazy\" decoding=\"async\" width=\"320\" height=\"126\" src=\"https:\/\/agouaeduc.org\/wp-content\/uploads\/2026\/01\/Partenaire2.jpg\" alt=\"\" class=\"wp-image-713\" srcset=\"https:\/\/agouaeduc.org\/wp-content\/uploads\/2026\/01\/Partenaire2.jpg 320w, https:\/\/agouaeduc.org\/wp-content\/uploads\/2026\/01\/Partenaire2-300x118.jpg 300w\" sizes=\"(max-width: 320px) 100vw, 320px\" \/><\/figure>\n\n\n\n<figure class=\"wp-block-image size-full\"><img loading=\"lazy\" decoding=\"async\" width=\"150\" height=\"150\" src=\"https:\/\/agouaeduc.org\/wp-content\/uploads\/2026\/01\/Partenaire3.jpg\" alt=\"\" class=\"wp-image-714\"\/><\/figure>\n\n\n\n<figure class=\"wp-block-image size-full\"><img loading=\"lazy\" decoding=\"async\" width=\"150\" height=\"150\" src=\"https:\/\/agouaeduc.org\/wp-content\/uploads\/2026\/01\/Partenaire4.jpg\" alt=\"\" class=\"wp-image-715\"\/><\/figure>\n","protected":false},"excerpt":{"rendered":"<p>Qui sommes\u2011nous L\u2019\u00e9ducation, source intarissable d\u2019espoirs et de r\u00eaves d\u2019enfant Nous accompagnons chaque enfant, en milieu scolaire et rural, gr\u00e2ce \u00e0 un soutien scolaire personnalis\u00e9, un suivi psychosocial bienveillant et l\u2019acc\u00e8s \u00e0 des ressources essentielles.Notre engagement : transformer les obstacles &hellip; <\/p>\n","protected":false},"author":1,"featured_media":0,"parent":0,"menu_order":0,"comment_status":"closed","ping_status":"closed","template":"","meta":{"footnotes":""},"class_list":["post-642","page","type-page","status-publish","hentry"],"yoast_head":"<!-- This site is optimized with the Yoast SEO plugin v27.4 - https:\/\/yoast.com\/product\/yoast-seo-wordpress\/ -->\n<title>Accueil - AGOUA EDUC<\/title>\n<meta name=\"robots\" content=\"index, follow, max-snippet:-1, max-image-preview:large, max-video-preview:-1\" \/>\n<link rel=\"canonical\" href=\"https:\/\/agouaeduc.org\/?page_id=642\" \/>\n<meta property=\"og:locale\" content=\"fr_CA\" \/>\n<meta property=\"og:type\" content=\"article\" \/>\n<meta property=\"og:title\" content=\"Accueil - AGOUA EDUC\" \/>\n<meta property=\"og:description\" content=\"Qui sommes\u2011nous L\u2019\u00e9ducation, source intarissable d\u2019espoirs et de r\u00eaves d\u2019enfant Nous accompagnons chaque enfant, en milieu scolaire et rural, gr\u00e2ce \u00e0 un soutien scolaire personnalis\u00e9, un suivi psychosocial bienveillant et l\u2019acc\u00e8s \u00e0 des ressources essentielles.Notre engagement : transformer les obstacles &hellip;\" \/>\n<meta property=\"og:url\" content=\"https:\/\/agouaeduc.org\/?page_id=642\" \/>\n<meta property=\"og:site_name\" content=\"AGOUA EDUC\" \/>\n<meta property=\"article:modified_time\" content=\"2026-03-19T12:13:21+00:00\" \/>\n<meta property=\"og:image\" content=\"https:\/\/agouaeduc.org\/wp-content\/uploads\/2026\/01\/Image1-2.jpg\" \/>\n\t<meta property=\"og:image:width\" content=\"576\" \/>\n\t<meta property=\"og:image:height\" content=\"586\" \/>\n\t<meta property=\"og:image:type\" content=\"image\/jpeg\" \/>\n<meta name=\"twitter:card\" content=\"summary_large_image\" \/>\n<meta name=\"twitter:label1\" content=\"Estimation du temps de lecture\" \/>\n\t<meta name=\"twitter:data1\" content=\"4 minutes\" \/>\n<script type=\"application\/ld+json\" class=\"yoast-schema-graph\">{\"@context\":\"https:\\\/\\\/schema.org\",\"@graph\":[{\"@type\":\"WebPage\",\"@id\":\"https:\\\/\\\/agouaeduc.org\\\/?page_id=642\",\"url\":\"https:\\\/\\\/agouaeduc.org\\\/?page_id=642\",\"name\":\"Accueil - AGOUA EDUC\",\"isPartOf\":{\"@id\":\"https:\\\/\\\/agouaeduc.org\\\/#website\"},\"primaryImageOfPage\":{\"@id\":\"https:\\\/\\\/agouaeduc.org\\\/?page_id=642#primaryimage\"},\"image\":{\"@id\":\"https:\\\/\\\/agouaeduc.org\\\/?page_id=642#primaryimage\"},\"thumbnailUrl\":\"https:\\\/\\\/agouaeduc.org\\\/wp-content\\\/uploads\\\/2026\\\/01\\\/Image1-2.jpg\",\"datePublished\":\"2026-01-15T11:12:24+00:00\",\"dateModified\":\"2026-03-19T12:13:21+00:00\",\"breadcrumb\":{\"@id\":\"https:\\\/\\\/agouaeduc.org\\\/?page_id=642#breadcrumb\"},\"inLanguage\":\"fr-CA\",\"potentialAction\":[{\"@type\":\"ReadAction\",\"target\":[\"https:\\\/\\\/agouaeduc.org\\\/?page_id=642\"]}]},{\"@type\":\"ImageObject\",\"inLanguage\":\"fr-CA\",\"@id\":\"https:\\\/\\\/agouaeduc.org\\\/?page_id=642#primaryimage\",\"url\":\"https:\\\/\\\/agouaeduc.org\\\/wp-content\\\/uploads\\\/2026\\\/01\\\/Image1-2.jpg\",\"contentUrl\":\"https:\\\/\\\/agouaeduc.org\\\/wp-content\\\/uploads\\\/2026\\\/01\\\/Image1-2.jpg\",\"width\":576,\"height\":586},{\"@type\":\"BreadcrumbList\",\"@id\":\"https:\\\/\\\/agouaeduc.org\\\/?page_id=642#breadcrumb\",\"itemListElement\":[{\"@type\":\"ListItem\",\"position\":1,\"name\":\"Accueil\",\"item\":\"https:\\\/\\\/agouaeduc.org\\\/\"},{\"@type\":\"ListItem\",\"position\":2,\"name\":\"Accueil\"}]},{\"@type\":\"WebSite\",\"@id\":\"https:\\\/\\\/agouaeduc.org\\\/#website\",\"url\":\"https:\\\/\\\/agouaeduc.org\\\/\",\"name\":\"AGOUA EDUC\",\"description\":\"Ensemble donnons aux enfants en difficult\u00e9 les cl\u00e9s de l&#039;avenir\",\"publisher\":{\"@id\":\"https:\\\/\\\/agouaeduc.org\\\/#organization\"},\"potentialAction\":[{\"@type\":\"SearchAction\",\"target\":{\"@type\":\"EntryPoint\",\"urlTemplate\":\"https:\\\/\\\/agouaeduc.org\\\/?s={search_term_string}\"},\"query-input\":{\"@type\":\"PropertyValueSpecification\",\"valueRequired\":true,\"valueName\":\"search_term_string\"}}],\"inLanguage\":\"fr-CA\"},{\"@type\":\"Organization\",\"@id\":\"https:\\\/\\\/agouaeduc.org\\\/#organization\",\"name\":\"AGOUA EDUC\",\"url\":\"https:\\\/\\\/agouaeduc.org\\\/\",\"logo\":{\"@type\":\"ImageObject\",\"inLanguage\":\"fr-CA\",\"@id\":\"https:\\\/\\\/agouaeduc.org\\\/#\\\/schema\\\/logo\\\/image\\\/\",\"url\":\"https:\\\/\\\/agouaeduc.org\\\/wp-content\\\/uploads\\\/2026\\\/01\\\/Logo_Agouaeduc_150.jpg\",\"contentUrl\":\"https:\\\/\\\/agouaeduc.org\\\/wp-content\\\/uploads\\\/2026\\\/01\\\/Logo_Agouaeduc_150.jpg\",\"width\":150,\"height\":150,\"caption\":\"AGOUA EDUC\"},\"image\":{\"@id\":\"https:\\\/\\\/agouaeduc.org\\\/#\\\/schema\\\/logo\\\/image\\\/\"}}]}<\/script>\n<!-- \/ Yoast SEO plugin. -->","yoast_head_json":{"title":"Accueil - AGOUA EDUC","robots":{"index":"index","follow":"follow","max-snippet":"max-snippet:-1","max-image-preview":"max-image-preview:large","max-video-preview":"max-video-preview:-1"},"canonical":"https:\/\/agouaeduc.org\/?page_id=642","og_locale":"fr_CA","og_type":"article","og_title":"Accueil - AGOUA EDUC","og_description":"Qui sommes\u2011nous L\u2019\u00e9ducation, source intarissable d\u2019espoirs et de r\u00eaves d\u2019enfant Nous accompagnons chaque enfant, en milieu scolaire et rural, gr\u00e2ce \u00e0 un soutien scolaire personnalis\u00e9, un suivi psychosocial bienveillant et l\u2019acc\u00e8s \u00e0 des ressources essentielles.Notre engagement : transformer les obstacles &hellip;","og_url":"https:\/\/agouaeduc.org\/?page_id=642","og_site_name":"AGOUA EDUC","article_modified_time":"2026-03-19T12:13:21+00:00","og_image":[{"width":576,"height":586,"url":"https:\/\/agouaeduc.org\/wp-content\/uploads\/2026\/01\/Image1-2.jpg","type":"image\/jpeg"}],"twitter_card":"summary_large_image","twitter_misc":{"Estimation du temps de lecture":"4 minutes"},"schema":{"@context":"https:\/\/schema.org","@graph":[{"@type":"WebPage","@id":"https:\/\/agouaeduc.org\/?page_id=642","url":"https:\/\/agouaeduc.org\/?page_id=642","name":"Accueil - AGOUA EDUC","isPartOf":{"@id":"https:\/\/agouaeduc.org\/#website"},"primaryImageOfPage":{"@id":"https:\/\/agouaeduc.org\/?page_id=642#primaryimage"},"image":{"@id":"https:\/\/agouaeduc.org\/?page_id=642#primaryimage"},"thumbnailUrl":"https:\/\/agouaeduc.org\/wp-content\/uploads\/2026\/01\/Image1-2.jpg","datePublished":"2026-01-15T11:12:24+00:00","dateModified":"2026-03-19T12:13:21+00:00","breadcrumb":{"@id":"https:\/\/agouaeduc.org\/?page_id=642#breadcrumb"},"inLanguage":"fr-CA","potentialAction":[{"@type":"ReadAction","target":["https:\/\/agouaeduc.org\/?page_id=642"]}]},{"@type":"ImageObject","inLanguage":"fr-CA","@id":"https:\/\/agouaeduc.org\/?page_id=642#primaryimage","url":"https:\/\/agouaeduc.org\/wp-content\/uploads\/2026\/01\/Image1-2.jpg","contentUrl":"https:\/\/agouaeduc.org\/wp-content\/uploads\/2026\/01\/Image1-2.jpg","width":576,"height":586},{"@type":"BreadcrumbList","@id":"https:\/\/agouaeduc.org\/?page_id=642#breadcrumb","itemListElement":[{"@type":"ListItem","position":1,"name":"Accueil","item":"https:\/\/agouaeduc.org\/"},{"@type":"ListItem","position":2,"name":"Accueil"}]},{"@type":"WebSite","@id":"https:\/\/agouaeduc.org\/#website","url":"https:\/\/agouaeduc.org\/","name":"AGOUA EDUC","description":"Ensemble donnons aux enfants en difficult\u00e9 les cl\u00e9s de l&#039;avenir","publisher":{"@id":"https:\/\/agouaeduc.org\/#organization"},"potentialAction":[{"@type":"SearchAction","target":{"@type":"EntryPoint","urlTemplate":"https:\/\/agouaeduc.org\/?s={search_term_string}"},"query-input":{"@type":"PropertyValueSpecification","valueRequired":true,"valueName":"search_term_string"}}],"inLanguage":"fr-CA"},{"@type":"Organization","@id":"https:\/\/agouaeduc.org\/#organization","name":"AGOUA EDUC","url":"https:\/\/agouaeduc.org\/","logo":{"@type":"ImageObject","inLanguage":"fr-CA","@id":"https:\/\/agouaeduc.org\/#\/schema\/logo\/image\/","url":"https:\/\/agouaeduc.org\/wp-content\/uploads\/2026\/01\/Logo_Agouaeduc_150.jpg","contentUrl":"https:\/\/agouaeduc.org\/wp-content\/uploads\/2026\/01\/Logo_Agouaeduc_150.jpg","width":150,"height":150,"caption":"AGOUA EDUC"},"image":{"@id":"https:\/\/agouaeduc.org\/#\/schema\/logo\/image\/"}}]}},"_links":{"self":[{"href":"https:\/\/agouaeduc.org\/index.php?rest_route=\/wp\/v2\/pages\/642","targetHints":{"allow":["GET"]}}],"collection":[{"href":"https:\/\/agouaeduc.org\/index.php?rest_route=\/wp\/v2\/pages"}],"about":[{"href":"https:\/\/agouaeduc.org\/index.php?rest_route=\/wp\/v2\/types\/page"}],"author":[{"embeddable":true,"href":"https:\/\/agouaeduc.org\/index.php?rest_route=\/wp\/v2\/users\/1"}],"replies":[{"embeddable":true,"href":"https:\/\/agouaeduc.org\/index.php?rest_route=%2Fwp%2Fv2%2Fcomments&post=642"}],"version-history":[{"count":5,"href":"https:\/\/agouaeduc.org\/index.php?rest_route=\/wp\/v2\/pages\/642\/revisions"}],"predecessor-version":[{"id":763,"href":"https:\/\/agouaeduc.org\/index.php?rest_route=\/wp\/v2\/pages\/642\/revisions\/763"}],"wp:attachment":[{"href":"https:\/\/agouaeduc.org\/index.php?rest_route=%2Fwp%2Fv2%2Fmedia&parent=642"}],"curies":[{"name":"wp","href":"https:\/\/api.w.org\/{rel}","templated":true}]}}